{"id":986,"date":"2023-08-01T20:02:36","date_gmt":"2023-08-01T18:02:36","guid":{"rendered":"https:\/\/theteahousestore.com\/?post_type=product&#038;p=986"},"modified":"2023-08-07T11:33:11","modified_gmt":"2023-08-07T09:33:11","slug":"calentador-profesional-automatico-multifuncional-de-te","status":"publish","type":"product","link":"https:\/\/theteahousestore.com\/index.php\/product\/calentador-profesional-automatico-multifuncional-de-te\/","title":{"rendered":"CALENTADOR PROFESIONAL AUTOM\u00c1TICO MULTIFUNCIONAL DE TE \u4e13\u4e1a\u6ce1\u8336\u7535\u70ed\u6c34\u58f6\u81ea\u52a8\u4fdd\u6e29\u591a\u529f\u80fd\u517b\u751f\u58f6"},"content":{"rendered":"<p>es un hervidor de agua el\u00e9ctrico con funciones avanzadas y vers\u00e1tiles dise\u00f1ado especialmente para preparar t\u00e9 y mantenerlo caliente. Este tipo de calentador es ideal para los amantes del t\u00e9 que desean disfrutar de una experiencia de preparaci\u00f3n de t\u00e9 completa y conveniente.<\/p>\n","protected":false},"excerpt":{"rendered":"<p>es un hervidor de agua el\u00e9ctrico con funciones avanzadas y vers\u00e1tiles dise\u00f1ado especialmente para preparar t\u00e9 y mantenerlo caliente. Este tipo de calentador es ideal para los amantes del t\u00e9 que desean disfrutar de una experiencia de preparaci\u00f3n de t\u00e9 completa y conveniente.<\/p>\n","protected":false},"featured_media":988,"comment_status":"open","ping_status":"closed","template":"","meta":[],"product_brand":[],"product_cat":[45,63],"product_tag":[53,54],"class_list":{"0":"post-986","1":"product","2":"type-product","3":"status-publish","4":"has-post-thumbnail","6":"product_cat-ceremonia-de-te","7":"product_cat-utensilios-para-te","8":"product_tag-ceremonia-de-te","9":"product_tag-juego-de-te","11":"first","12":"instock","13":"shipping-taxable","14":"purchasable","15":"product-type-simple"},"jetpack_sharing_enabled":true,"_links":{"self":[{"href":"https:\/\/theteahousestore.com\/index.php\/wp-json\/wp\/v2\/product\/986","targetHints":{"allow":["GET"]}}],"collection":[{"href":"https:\/\/theteahousestore.com\/index.php\/wp-json\/wp\/v2\/product"}],"about":[{"href":"https:\/\/theteahousestore.com\/index.php\/wp-json\/wp\/v2\/types\/product"}],"replies":[{"embeddable":true,"href":"https:\/\/theteahousestore.com\/index.php\/wp-json\/wp\/v2\/comments?post=986"}],"wp:featuredmedia":[{"embeddable":true,"href":"https:\/\/theteahousestore.com\/index.php\/wp-json\/wp\/v2\/media\/988"}],"wp:attachment":[{"href":"https:\/\/theteahousestore.com\/index.php\/wp-json\/wp\/v2\/media?parent=986"}],"wp:term":[{"taxonomy":"product_brand","embeddable":true,"href":"https:\/\/theteahousestore.com\/index.php\/wp-json\/wp\/v2\/product_brand?post=986"},{"taxonomy":"product_cat","embeddable":true,"href":"https:\/\/theteahousestore.com\/index.php\/wp-json\/wp\/v2\/product_cat?post=986"},{"taxonomy":"product_tag","embeddable":true,"href":"https:\/\/theteahousestore.com\/index.php\/wp-json\/wp\/v2\/product_tag?post=986"}],"curies":[{"name":"wp","href":"https:\/\/api.w.org\/{rel}","templated":true}]}}