{"id":977,"date":"2023-08-01T17:28:51","date_gmt":"2023-08-01T15:28:51","guid":{"rendered":"https:\/\/theteahousestore.com\/?post_type=product&#038;p=977"},"modified":"2023-08-07T12:32:51","modified_gmt":"2023-08-07T10:32:51","slug":"vaso-de-te-sin-filtro-cristal-grande","status":"publish","type":"product","link":"https:\/\/theteahousestore.com\/index.php\/product\/vaso-de-te-sin-filtro-cristal-grande\/","title":{"rendered":"VASO DE T\u00c9 SIN FILTRO CRISTAL GRANDE \u73bb\u7483\u5927\u516c\u676f"},"content":{"rendered":"<p>Esta taza de t\u00e9 es una elecci\u00f3n popular para aquellos que prefieren apreciar visualmente el proceso de preparaci\u00f3n del t\u00e9 y disfrutar del sabor aut\u00e9ntico del t\u00e9 sin restricciones de filtro. Su dise\u00f1o simple y pr\u00e1ctico la convierte en una opci\u00f3n conveniente para aquellos que disfrutan del t\u00e9 en grandes cantidades o desean compartir momentos de t\u00e9 con otros.<\/p>\n","protected":false},"excerpt":{"rendered":"<p>Esta taza de t\u00e9 es una elecci\u00f3n popular para aquellos que prefieren apreciar visualmente el proceso de preparaci\u00f3n del t\u00e9 y disfrutar del sabor aut\u00e9ntico del t\u00e9 sin restricciones de filtro. Su dise\u00f1o simple y pr\u00e1ctico la convierte en una opci\u00f3n conveniente para aquellos que disfrutan del t\u00e9 en grandes cantidades o desean compartir momentos de t\u00e9 con otros.<\/p>\n","protected":false},"featured_media":934,"comment_status":"open","ping_status":"closed","template":"","meta":[],"product_brand":[],"product_cat":[45,47],"product_tag":[53,54],"class_list":{"0":"post-977","1":"product","2":"type-product","3":"status-publish","4":"has-post-thumbnail","6":"product_cat-ceremonia-de-te","7":"product_cat-tetera","8":"product_tag-ceremonia-de-te","9":"product_tag-juego-de-te","11":"first","12":"instock","13":"shipping-taxable","14":"purchasable","15":"product-type-simple"},"jetpack_sharing_enabled":true,"_links":{"self":[{"href":"https:\/\/theteahousestore.com\/index.php\/wp-json\/wp\/v2\/product\/977","targetHints":{"allow":["GET"]}}],"collection":[{"href":"https:\/\/theteahousestore.com\/index.php\/wp-json\/wp\/v2\/product"}],"about":[{"href":"https:\/\/theteahousestore.com\/index.php\/wp-json\/wp\/v2\/types\/product"}],"replies":[{"embeddable":true,"href":"https:\/\/theteahousestore.com\/index.php\/wp-json\/wp\/v2\/comments?post=977"}],"wp:featuredmedia":[{"embeddable":true,"href":"https:\/\/theteahousestore.com\/index.php\/wp-json\/wp\/v2\/media\/934"}],"wp:attachment":[{"href":"https:\/\/theteahousestore.com\/index.php\/wp-json\/wp\/v2\/media?parent=977"}],"wp:term":[{"taxonomy":"product_brand","embeddable":true,"href":"https:\/\/theteahousestore.com\/index.php\/wp-json\/wp\/v2\/product_brand?post=977"},{"taxonomy":"product_cat","embeddable":true,"href":"https:\/\/theteahousestore.com\/index.php\/wp-json\/wp\/v2\/product_cat?post=977"},{"taxonomy":"product_tag","embeddable":true,"href":"https:\/\/theteahousestore.com\/index.php\/wp-json\/wp\/v2\/product_tag?post=977"}],"curies":[{"name":"wp","href":"https:\/\/api.w.org\/{rel}","templated":true}]}}