{"id":972,"date":"2023-08-01T16:14:33","date_gmt":"2023-08-01T14:14:33","guid":{"rendered":"https:\/\/theteahousestore.com\/?post_type=product&#038;p=972"},"modified":"2023-08-07T12:32:21","modified_gmt":"2023-08-07T10:32:21","slug":"tetera-de-cristal-con-filtro-m-550","status":"publish","type":"product","link":"https:\/\/theteahousestore.com\/index.php\/product\/tetera-de-cristal-con-filtro-m-550\/","title":{"rendered":"TETERA DE CRISTAL CON FILTRO M.550 \u73bb\u7483\u6ce1\u8336\u58f6550\u578b"},"content":{"rendered":"<p>Estas teteras son muy populares entre los amantes del t\u00e9 que valoran la facilidad de uso y la capacidad de apreciar visualmente el proceso de preparaci\u00f3n del t\u00e9. Son adecuadas para diferentes tipos de t\u00e9 y proporcionan una experiencia satisfactoria para aquellos que disfrutan del ritual del t\u00e9 y desean obtener el mejor sabor y aroma de sus hojas de t\u00e9 favoritas.<\/p>\n","protected":false},"excerpt":{"rendered":"<p>Estas teteras son muy populares entre los amantes del t\u00e9 que valoran la facilidad de uso y la capacidad de apreciar visualmente el proceso de preparaci\u00f3n del t\u00e9. Son adecuadas para diferentes tipos de t\u00e9 y proporcionan una experiencia satisfactoria para aquellos que disfrutan del ritual del t\u00e9 y desean obtener el mejor sabor y aroma de sus hojas de t\u00e9 favoritas.<\/p>\n","protected":false},"featured_media":974,"comment_status":"open","ping_status":"closed","template":"","meta":[],"product_brand":[],"product_cat":[45,63],"product_tag":[53,54],"class_list":{"0":"post-972","1":"product","2":"type-product","3":"status-publish","4":"has-post-thumbnail","6":"product_cat-ceremonia-de-te","7":"product_cat-utensilios-para-te","8":"product_tag-ceremonia-de-te","9":"product_tag-juego-de-te","11":"first","12":"instock","13":"shipping-taxable","14":"purchasable","15":"product-type-simple"},"jetpack_sharing_enabled":true,"_links":{"self":[{"href":"https:\/\/theteahousestore.com\/index.php\/wp-json\/wp\/v2\/product\/972","targetHints":{"allow":["GET"]}}],"collection":[{"href":"https:\/\/theteahousestore.com\/index.php\/wp-json\/wp\/v2\/product"}],"about":[{"href":"https:\/\/theteahousestore.com\/index.php\/wp-json\/wp\/v2\/types\/product"}],"replies":[{"embeddable":true,"href":"https:\/\/theteahousestore.com\/index.php\/wp-json\/wp\/v2\/comments?post=972"}],"wp:featuredmedia":[{"embeddable":true,"href":"https:\/\/theteahousestore.com\/index.php\/wp-json\/wp\/v2\/media\/974"}],"wp:attachment":[{"href":"https:\/\/theteahousestore.com\/index.php\/wp-json\/wp\/v2\/media?parent=972"}],"wp:term":[{"taxonomy":"product_brand","embeddable":true,"href":"https:\/\/theteahousestore.com\/index.php\/wp-json\/wp\/v2\/product_brand?post=972"},{"taxonomy":"product_cat","embeddable":true,"href":"https:\/\/theteahousestore.com\/index.php\/wp-json\/wp\/v2\/product_cat?post=972"},{"taxonomy":"product_tag","embeddable":true,"href":"https:\/\/theteahousestore.com\/index.php\/wp-json\/wp\/v2\/product_tag?post=972"}],"curies":[{"name":"wp","href":"https:\/\/api.w.org\/{rel}","templated":true}]}}