{"id":970,"date":"2023-08-01T12:16:52","date_gmt":"2023-08-01T10:16:52","guid":{"rendered":"https:\/\/theteahousestore.com\/?post_type=product&#038;p=970"},"modified":"2023-08-07T12:32:09","modified_gmt":"2023-08-07T10:32:09","slug":"tetera-con-filtro-de-dos-funcion","status":"publish","type":"product","link":"https:\/\/theteahousestore.com\/index.php\/product\/tetera-con-filtro-de-dos-funcion\/","title":{"rendered":"TETERA CON FILTRO DE DOS FUNCI\u00d3N \u716e\u8336\u6ce1\u8336\u4e24\u7528\u58f6"},"content":{"rendered":"<p>es un tipo de tetera utilizada para preparar t\u00e9, especialmente en la cultura china del t\u00e9. Esta tetera est\u00e1 hecha de cristal transparente y generalmente tiene un dise\u00f1o elegante y funcional que permite una experiencia de preparaci\u00f3n del t\u00e9 visualmente atractiva.<\/p>\n","protected":false},"excerpt":{"rendered":"<p>es un tipo de tetera utilizada para preparar t\u00e9, especialmente en la cultura china del t\u00e9. Esta tetera est\u00e1 hecha de cristal transparente y generalmente tiene un dise\u00f1o elegante y funcional que permite una experiencia de preparaci\u00f3n del t\u00e9 visualmente atractiva.<\/p>\n","protected":false},"featured_media":941,"comment_status":"open","ping_status":"closed","template":"","meta":[],"product_brand":[],"product_cat":[45,47],"product_tag":[53,54],"class_list":{"0":"post-970","1":"product","2":"type-product","3":"status-publish","4":"has-post-thumbnail","6":"product_cat-ceremonia-de-te","7":"product_cat-tetera","8":"product_tag-ceremonia-de-te","9":"product_tag-juego-de-te","11":"first","12":"instock","13":"shipping-taxable","14":"purchasable","15":"product-type-simple"},"jetpack_sharing_enabled":true,"_links":{"self":[{"href":"https:\/\/theteahousestore.com\/index.php\/wp-json\/wp\/v2\/product\/970","targetHints":{"allow":["GET"]}}],"collection":[{"href":"https:\/\/theteahousestore.com\/index.php\/wp-json\/wp\/v2\/product"}],"about":[{"href":"https:\/\/theteahousestore.com\/index.php\/wp-json\/wp\/v2\/types\/product"}],"replies":[{"embeddable":true,"href":"https:\/\/theteahousestore.com\/index.php\/wp-json\/wp\/v2\/comments?post=970"}],"wp:featuredmedia":[{"embeddable":true,"href":"https:\/\/theteahousestore.com\/index.php\/wp-json\/wp\/v2\/media\/941"}],"wp:attachment":[{"href":"https:\/\/theteahousestore.com\/index.php\/wp-json\/wp\/v2\/media?parent=970"}],"wp:term":[{"taxonomy":"product_brand","embeddable":true,"href":"https:\/\/theteahousestore.com\/index.php\/wp-json\/wp\/v2\/product_brand?post=970"},{"taxonomy":"product_cat","embeddable":true,"href":"https:\/\/theteahousestore.com\/index.php\/wp-json\/wp\/v2\/product_cat?post=970"},{"taxonomy":"product_tag","embeddable":true,"href":"https:\/\/theteahousestore.com\/index.php\/wp-json\/wp\/v2\/product_tag?post=970"}],"curies":[{"name":"wp","href":"https:\/\/api.w.org\/{rel}","templated":true}]}}