{"id":963,"date":"2023-07-31T20:20:01","date_gmt":"2023-07-31T18:20:01","guid":{"rendered":"https:\/\/theteahousestore.com\/?post_type=product&#038;p=963"},"modified":"2023-08-08T11:10:53","modified_gmt":"2023-08-08T09:10:53","slug":"filtro-de-acero-inoxidable-grande","status":"publish","type":"product","link":"https:\/\/theteahousestore.com\/index.php\/product\/filtro-de-acero-inoxidable-grande\/","title":{"rendered":"FILTRO DE ACERO INOXIDABLE GRANDE \u4e0d\u9508\u94a2\u5927\u6ee4\u7f51"},"content":{"rendered":"<p>es un utensilio de cocina utilizado para filtrar part\u00edculas s\u00f3lidas de l\u00edquidos en mayores cantidades, como infusiones, teteras o jarras de t\u00e9, permitiendo que el l\u00edquido pase a trav\u00e9s mientras retiene los s\u00f3lidos en su interior.<\/p>\n","protected":false},"excerpt":{"rendered":"<p>es un utensilio de cocina utilizado para filtrar part\u00edculas s\u00f3lidas de l\u00edquidos en mayores cantidades, como infusiones, teteras o jarras de t\u00e9, permitiendo que el l\u00edquido pase a trav\u00e9s mientras retiene los s\u00f3lidos en su interior.<\/p>\n","protected":false},"featured_media":919,"comment_status":"open","ping_status":"closed","template":"","meta":[],"product_brand":[],"product_cat":[45,63],"product_tag":[53],"class_list":{"0":"post-963","1":"product","2":"type-product","3":"status-publish","4":"has-post-thumbnail","6":"product_cat-ceremonia-de-te","7":"product_cat-utensilios-para-te","8":"product_tag-ceremonia-de-te","10":"first","11":"instock","12":"shipping-taxable","13":"purchasable","14":"product-type-simple"},"jetpack_sharing_enabled":true,"_links":{"self":[{"href":"https:\/\/theteahousestore.com\/index.php\/wp-json\/wp\/v2\/product\/963","targetHints":{"allow":["GET"]}}],"collection":[{"href":"https:\/\/theteahousestore.com\/index.php\/wp-json\/wp\/v2\/product"}],"about":[{"href":"https:\/\/theteahousestore.com\/index.php\/wp-json\/wp\/v2\/types\/product"}],"replies":[{"embeddable":true,"href":"https:\/\/theteahousestore.com\/index.php\/wp-json\/wp\/v2\/comments?post=963"}],"wp:featuredmedia":[{"embeddable":true,"href":"https:\/\/theteahousestore.com\/index.php\/wp-json\/wp\/v2\/media\/919"}],"wp:attachment":[{"href":"https:\/\/theteahousestore.com\/index.php\/wp-json\/wp\/v2\/media?parent=963"}],"wp:term":[{"taxonomy":"product_brand","embeddable":true,"href":"https:\/\/theteahousestore.com\/index.php\/wp-json\/wp\/v2\/product_brand?post=963"},{"taxonomy":"product_cat","embeddable":true,"href":"https:\/\/theteahousestore.com\/index.php\/wp-json\/wp\/v2\/product_cat?post=963"},{"taxonomy":"product_tag","embeddable":true,"href":"https:\/\/theteahousestore.com\/index.php\/wp-json\/wp\/v2\/product_tag?post=963"}],"curies":[{"name":"wp","href":"https:\/\/api.w.org\/{rel}","templated":true}]}}