{"id":957,"date":"2023-07-31T19:45:02","date_gmt":"2023-07-31T17:45:02","guid":{"rendered":"https:\/\/theteahousestore.com\/?post_type=product&#038;p=957"},"modified":"2023-07-31T19:46:06","modified_gmt":"2023-07-31T17:46:06","slug":"pano-para-juego-de-te-con-flores","status":"publish","type":"product","link":"https:\/\/theteahousestore.com\/index.php\/product\/pano-para-juego-de-te-con-flores\/","title":{"rendered":"PA\u00d1O PARA JUEGO DE TE CON FLORES \u53f0\u9686\u91d1\u82b1\u8fb9\u8336\u5dfe"},"content":{"rendered":"<p>es un pa\u00f1o especialmente dise\u00f1ado para su uso en la ceremonia del t\u00e9 y otros eventos relacionados con el t\u00e9. Lo que lo hace especial es su decoraci\u00f3n floral y su elegante dise\u00f1o con borde dorado.<\/p>\n","protected":false},"excerpt":{"rendered":"<p>es un pa\u00f1o especialmente dise\u00f1ado para su uso en la ceremonia del t\u00e9 y otros eventos relacionados con el t\u00e9. Lo que lo hace especial es su decoraci\u00f3n floral y su elegante dise\u00f1o con borde dorado.<\/p>\n","protected":false},"featured_media":917,"comment_status":"open","ping_status":"closed","template":"","meta":[],"product_brand":[],"product_cat":[45],"product_tag":[53],"class_list":{"0":"post-957","1":"product","2":"type-product","3":"status-publish","4":"has-post-thumbnail","6":"product_cat-ceremonia-de-te","7":"product_tag-ceremonia-de-te","9":"first","10":"instock","11":"shipping-taxable","12":"purchasable","13":"product-type-simple"},"jetpack_sharing_enabled":true,"_links":{"self":[{"href":"https:\/\/theteahousestore.com\/index.php\/wp-json\/wp\/v2\/product\/957","targetHints":{"allow":["GET"]}}],"collection":[{"href":"https:\/\/theteahousestore.com\/index.php\/wp-json\/wp\/v2\/product"}],"about":[{"href":"https:\/\/theteahousestore.com\/index.php\/wp-json\/wp\/v2\/types\/product"}],"replies":[{"embeddable":true,"href":"https:\/\/theteahousestore.com\/index.php\/wp-json\/wp\/v2\/comments?post=957"}],"wp:featuredmedia":[{"embeddable":true,"href":"https:\/\/theteahousestore.com\/index.php\/wp-json\/wp\/v2\/media\/917"}],"wp:attachment":[{"href":"https:\/\/theteahousestore.com\/index.php\/wp-json\/wp\/v2\/media?parent=957"}],"wp:term":[{"taxonomy":"product_brand","embeddable":true,"href":"https:\/\/theteahousestore.com\/index.php\/wp-json\/wp\/v2\/product_brand?post=957"},{"taxonomy":"product_cat","embeddable":true,"href":"https:\/\/theteahousestore.com\/index.php\/wp-json\/wp\/v2\/product_cat?post=957"},{"taxonomy":"product_tag","embeddable":true,"href":"https:\/\/theteahousestore.com\/index.php\/wp-json\/wp\/v2\/product_tag?post=957"}],"curies":[{"name":"wp","href":"https:\/\/api.w.org\/{rel}","templated":true}]}}