{"id":954,"date":"2023-07-31T19:36:56","date_gmt":"2023-07-31T17:36:56","guid":{"rendered":"https:\/\/theteahousestore.com\/?post_type=product&#038;p=954"},"modified":"2026-03-25T20:31:11","modified_gmt":"2026-03-25T19:31:11","slug":"aguja-de-te-de-sandalo","status":"publish","type":"product","link":"https:\/\/theteahousestore.com\/index.php\/product\/aguja-de-te-de-sandalo\/","title":{"rendered":"AGUJA DE TE DE S\u00c1NDALO \u6a80\u6728\u8336\u9488"},"content":{"rendered":"<p>es una herramienta de t\u00e9 hecha de madera de s\u00e1ndalo, una madera arom\u00e1tica conocida por su fragancia distintiva y suavidad al tacto. Esta aguja de t\u00e9 se utiliza para desenredar y separar las hojas de t\u00e9 comprimidas, especialmente en tipos de t\u00e9 prensado como el Pu-erh.<\/p>\n","protected":false},"excerpt":{"rendered":"<p>es una herramienta de t\u00e9 hecha de madera de s\u00e1ndalo, una madera arom\u00e1tica conocida por su fragancia distintiva y suavidad al tacto. Esta aguja de t\u00e9 se utiliza para desenredar y separar las hojas de t\u00e9 comprimidas, especialmente en tipos de t\u00e9 prensado como el Pu-erh.<\/p>\n","protected":false},"featured_media":921,"comment_status":"open","ping_status":"closed","template":"","meta":[],"product_brand":[],"product_cat":[45,63],"product_tag":[53,54],"class_list":{"0":"post-954","1":"product","2":"type-product","3":"status-publish","4":"has-post-thumbnail","6":"product_cat-ceremonia-de-te","7":"product_cat-utensilios-para-te","8":"product_tag-ceremonia-de-te","9":"product_tag-juego-de-te","11":"first","12":"instock","13":"shipping-taxable","14":"purchasable","15":"product-type-simple"},"jetpack_sharing_enabled":true,"_links":{"self":[{"href":"https:\/\/theteahousestore.com\/index.php\/wp-json\/wp\/v2\/product\/954","targetHints":{"allow":["GET"]}}],"collection":[{"href":"https:\/\/theteahousestore.com\/index.php\/wp-json\/wp\/v2\/product"}],"about":[{"href":"https:\/\/theteahousestore.com\/index.php\/wp-json\/wp\/v2\/types\/product"}],"replies":[{"embeddable":true,"href":"https:\/\/theteahousestore.com\/index.php\/wp-json\/wp\/v2\/comments?post=954"}],"wp:featuredmedia":[{"embeddable":true,"href":"https:\/\/theteahousestore.com\/index.php\/wp-json\/wp\/v2\/media\/921"}],"wp:attachment":[{"href":"https:\/\/theteahousestore.com\/index.php\/wp-json\/wp\/v2\/media?parent=954"}],"wp:term":[{"taxonomy":"product_brand","embeddable":true,"href":"https:\/\/theteahousestore.com\/index.php\/wp-json\/wp\/v2\/product_brand?post=954"},{"taxonomy":"product_cat","embeddable":true,"href":"https:\/\/theteahousestore.com\/index.php\/wp-json\/wp\/v2\/product_cat?post=954"},{"taxonomy":"product_tag","embeddable":true,"href":"https:\/\/theteahousestore.com\/index.php\/wp-json\/wp\/v2\/product_tag?post=954"}],"curies":[{"name":"wp","href":"https:\/\/api.w.org\/{rel}","templated":true}]}}