{"id":901,"date":"2023-07-31T11:49:15","date_gmt":"2023-07-31T09:49:15","guid":{"rendered":"https:\/\/theteahousestore.com\/?post_type=product&#038;p=901"},"modified":"2023-07-31T11:49:15","modified_gmt":"2023-07-31T09:49:15","slug":"taza-de-te-de-horno-ge","status":"publish","type":"product","link":"https:\/\/theteahousestore.com\/index.php\/product\/taza-de-te-de-horno-ge\/","title":{"rendered":"TAZA DE T\u00c9 DE HORNO GE \u54e5\u7a91\u5f00\u7247\u76f4\u53e3\u676f"},"content":{"rendered":"<p>es una taza de t\u00e9 hecha de cer\u00e1mica producida en el antiguo Horno Ge de China. Su dise\u00f1o elegante y la calidad de la cer\u00e1mica la convierten en una opci\u00f3n apreciada para aquellos que valoran la belleza y la historia de la cer\u00e1mica china.<\/p>\n","protected":false},"excerpt":{"rendered":"<p>es una taza de t\u00e9 hecha de cer\u00e1mica producida en el antiguo Horno Ge de China. Su dise\u00f1o elegante y la calidad de la cer\u00e1mica la convierten en una opci\u00f3n apreciada para aquellos que valoran la belleza y la historia de la cer\u00e1mica china.<\/p>\n","protected":false},"featured_media":854,"comment_status":"open","ping_status":"closed","template":"","meta":[],"product_brand":[],"product_cat":[45,48],"product_tag":[53,54,49],"class_list":{"0":"post-901","1":"product","2":"type-product","3":"status-publish","4":"has-post-thumbnail","6":"product_cat-ceremonia-de-te","7":"product_cat-tazas-de-te-ceremonia-de-te","8":"product_tag-ceremonia-de-te","9":"product_tag-juego-de-te","10":"product_tag-taza-de-te","12":"first","13":"instock","14":"shipping-taxable","15":"purchasable","16":"product-type-simple"},"jetpack_sharing_enabled":true,"_links":{"self":[{"href":"https:\/\/theteahousestore.com\/index.php\/wp-json\/wp\/v2\/product\/901","targetHints":{"allow":["GET"]}}],"collection":[{"href":"https:\/\/theteahousestore.com\/index.php\/wp-json\/wp\/v2\/product"}],"about":[{"href":"https:\/\/theteahousestore.com\/index.php\/wp-json\/wp\/v2\/types\/product"}],"replies":[{"embeddable":true,"href":"https:\/\/theteahousestore.com\/index.php\/wp-json\/wp\/v2\/comments?post=901"}],"wp:featuredmedia":[{"embeddable":true,"href":"https:\/\/theteahousestore.com\/index.php\/wp-json\/wp\/v2\/media\/854"}],"wp:attachment":[{"href":"https:\/\/theteahousestore.com\/index.php\/wp-json\/wp\/v2\/media?parent=901"}],"wp:term":[{"taxonomy":"product_brand","embeddable":true,"href":"https:\/\/theteahousestore.com\/index.php\/wp-json\/wp\/v2\/product_brand?post=901"},{"taxonomy":"product_cat","embeddable":true,"href":"https:\/\/theteahousestore.com\/index.php\/wp-json\/wp\/v2\/product_cat?post=901"},{"taxonomy":"product_tag","embeddable":true,"href":"https:\/\/theteahousestore.com\/index.php\/wp-json\/wp\/v2\/product_tag?post=901"}],"curies":[{"name":"wp","href":"https:\/\/api.w.org\/{rel}","templated":true}]}}