{"id":899,"date":"2023-07-31T11:25:19","date_gmt":"2023-07-31T09:25:19","guid":{"rendered":"https:\/\/theteahousestore.com\/?post_type=product&#038;p=899"},"modified":"2026-01-12T16:05:35","modified_gmt":"2026-01-12T15:05:35","slug":"taza-de-te-del-salto-de-los-peces","status":"publish","type":"product","link":"https:\/\/theteahousestore.com\/index.php\/product\/taza-de-te-del-salto-de-los-peces\/","title":{"rendered":"TAZA DE T\u00c9 DEL SALTO DE LOS PECES \u9c7c\u8dc3\u9f99\u95e8\u676f"},"content":{"rendered":"<p>es una taza de t\u00e9 con dise\u00f1os que representan la leyenda china del salto del pez en la puerta del drag\u00f3n. Adem\u00e1s de su significado cultural y simb\u00f3lico, esta taza es visualmente atractiva y ser\u00eda apreciada por aquellos que valoran la cultura y la poes\u00eda en su experiencia de beber t\u00e9.<\/p>\n","protected":false},"excerpt":{"rendered":"<p>es una taza de t\u00e9 con dise\u00f1os que representan la leyenda china del salto del pez en la puerta del drag\u00f3n. Adem\u00e1s de su significado cultural y simb\u00f3lico, esta taza es visualmente atractiva y ser\u00eda apreciada por aquellos que valoran la cultura y la poes\u00eda en su experiencia de beber t\u00e9.<\/p>\n","protected":false},"featured_media":852,"comment_status":"open","ping_status":"closed","template":"","meta":[],"product_brand":[],"product_cat":[45,48],"product_tag":[53,54,49],"class_list":{"0":"post-899","1":"product","2":"type-product","3":"status-publish","4":"has-post-thumbnail","6":"product_cat-ceremonia-de-te","7":"product_cat-tazas-de-te-ceremonia-de-te","8":"product_tag-ceremonia-de-te","9":"product_tag-juego-de-te","10":"product_tag-taza-de-te","12":"first","13":"instock","14":"shipping-taxable","15":"purchasable","16":"product-type-simple"},"jetpack_sharing_enabled":true,"_links":{"self":[{"href":"https:\/\/theteahousestore.com\/index.php\/wp-json\/wp\/v2\/product\/899","targetHints":{"allow":["GET"]}}],"collection":[{"href":"https:\/\/theteahousestore.com\/index.php\/wp-json\/wp\/v2\/product"}],"about":[{"href":"https:\/\/theteahousestore.com\/index.php\/wp-json\/wp\/v2\/types\/product"}],"replies":[{"embeddable":true,"href":"https:\/\/theteahousestore.com\/index.php\/wp-json\/wp\/v2\/comments?post=899"}],"wp:featuredmedia":[{"embeddable":true,"href":"https:\/\/theteahousestore.com\/index.php\/wp-json\/wp\/v2\/media\/852"}],"wp:attachment":[{"href":"https:\/\/theteahousestore.com\/index.php\/wp-json\/wp\/v2\/media?parent=899"}],"wp:term":[{"taxonomy":"product_brand","embeddable":true,"href":"https:\/\/theteahousestore.com\/index.php\/wp-json\/wp\/v2\/product_brand?post=899"},{"taxonomy":"product_cat","embeddable":true,"href":"https:\/\/theteahousestore.com\/index.php\/wp-json\/wp\/v2\/product_cat?post=899"},{"taxonomy":"product_tag","embeddable":true,"href":"https:\/\/theteahousestore.com\/index.php\/wp-json\/wp\/v2\/product_tag?post=899"}],"curies":[{"name":"wp","href":"https:\/\/api.w.org\/{rel}","templated":true}]}}