{"id":881,"date":"2023-07-29T17:41:17","date_gmt":"2023-07-29T15:41:17","guid":{"rendered":"https:\/\/theteahousestore.com\/?post_type=product&#038;p=881"},"modified":"2023-07-29T17:41:17","modified_gmt":"2023-07-29T15:41:17","slug":"taza-de-te-con-patron-chino","status":"publish","type":"product","link":"https:\/\/theteahousestore.com\/index.php\/product\/taza-de-te-con-patron-chino\/","title":{"rendered":"TAZA DE T\u00c9 CON PATR\u00d3N CHINO \u82b1\u7eb9\u7279\u4ef7\u676f"},"content":{"rendered":"<p>es una taza de t\u00e9 con un toque cultural y art\u00edstico que celebra la belleza y el simbolismo de la cultura china. Su dise\u00f1o refinado y su significado simb\u00f3lico la convierten en una opci\u00f3n \u00fanica para los amantes del t\u00e9 y aquellos que aprecian la riqueza de la cultura china.<\/p>\n","protected":false},"excerpt":{"rendered":"<p>es una taza de t\u00e9 con un toque cultural y art\u00edstico que celebra la belleza y el simbolismo de la cultura china. Su dise\u00f1o refinado y su significado simb\u00f3lico la convierten en una opci\u00f3n \u00fanica para los amantes del t\u00e9 y aquellos que aprecian la riqueza de la cultura china.<\/p>\n","protected":false},"featured_media":833,"comment_status":"open","ping_status":"closed","template":"","meta":[],"product_brand":[],"product_cat":[45,48],"product_tag":[53,54,49],"class_list":{"0":"post-881","1":"product","2":"type-product","3":"status-publish","4":"has-post-thumbnail","6":"product_cat-ceremonia-de-te","7":"product_cat-tazas-de-te-ceremonia-de-te","8":"product_tag-ceremonia-de-te","9":"product_tag-juego-de-te","10":"product_tag-taza-de-te","12":"first","13":"instock","14":"shipping-taxable","15":"purchasable","16":"product-type-simple"},"jetpack_sharing_enabled":true,"_links":{"self":[{"href":"https:\/\/theteahousestore.com\/index.php\/wp-json\/wp\/v2\/product\/881","targetHints":{"allow":["GET"]}}],"collection":[{"href":"https:\/\/theteahousestore.com\/index.php\/wp-json\/wp\/v2\/product"}],"about":[{"href":"https:\/\/theteahousestore.com\/index.php\/wp-json\/wp\/v2\/types\/product"}],"replies":[{"embeddable":true,"href":"https:\/\/theteahousestore.com\/index.php\/wp-json\/wp\/v2\/comments?post=881"}],"wp:featuredmedia":[{"embeddable":true,"href":"https:\/\/theteahousestore.com\/index.php\/wp-json\/wp\/v2\/media\/833"}],"wp:attachment":[{"href":"https:\/\/theteahousestore.com\/index.php\/wp-json\/wp\/v2\/media?parent=881"}],"wp:term":[{"taxonomy":"product_brand","embeddable":true,"href":"https:\/\/theteahousestore.com\/index.php\/wp-json\/wp\/v2\/product_brand?post=881"},{"taxonomy":"product_cat","embeddable":true,"href":"https:\/\/theteahousestore.com\/index.php\/wp-json\/wp\/v2\/product_cat?post=881"},{"taxonomy":"product_tag","embeddable":true,"href":"https:\/\/theteahousestore.com\/index.php\/wp-json\/wp\/v2\/product_tag?post=881"}],"curies":[{"name":"wp","href":"https:\/\/api.w.org\/{rel}","templated":true}]}}