{"id":880,"date":"2023-07-29T16:43:35","date_gmt":"2023-07-29T14:43:35","guid":{"rendered":"https:\/\/theteahousestore.com\/?post_type=product&#038;p=880"},"modified":"2023-07-29T16:43:35","modified_gmt":"2023-07-29T14:43:35","slug":"taza-de-te-amarillo","status":"publish","type":"product","link":"https:\/\/theteahousestore.com\/index.php\/product\/taza-de-te-amarillo\/","title":{"rendered":"TAZA DE T\u00c9 AMARILLO \u9ec4\u8272\u7279\u4ef7\u676f"},"content":{"rendered":"<p>es una opci\u00f3n encantadora y pr\u00e1ctica para disfrutar de una taza de t\u00e9 en cualquier momento del d\u00eda. Su color alegre y su dise\u00f1o sencillo la hacen perfecta tanto para uso personal como para regalar a alguien especial. Es una taza vers\u00e1til que seguro alegrar\u00e1 tus momentos de t\u00e9 con su c\u00e1lido y vibrante amarillo.<\/p>\n","protected":false},"excerpt":{"rendered":"<p>es una opci\u00f3n encantadora y pr\u00e1ctica para disfrutar de una taza de t\u00e9 en cualquier momento del d\u00eda. Su color alegre y su dise\u00f1o sencillo la hacen perfecta tanto para uso personal como para regalar a alguien especial. Es una taza vers\u00e1til que seguro alegrar\u00e1 tus momentos de t\u00e9 con su c\u00e1lido y vibrante amarillo.<\/p>\n","protected":false},"featured_media":835,"comment_status":"open","ping_status":"closed","template":"","meta":[],"product_brand":[],"product_cat":[45,48],"product_tag":[53,54,49],"class_list":{"0":"post-880","1":"product","2":"type-product","3":"status-publish","4":"has-post-thumbnail","6":"product_cat-ceremonia-de-te","7":"product_cat-tazas-de-te-ceremonia-de-te","8":"product_tag-ceremonia-de-te","9":"product_tag-juego-de-te","10":"product_tag-taza-de-te","12":"first","13":"instock","14":"shipping-taxable","15":"purchasable","16":"product-type-simple"},"jetpack_sharing_enabled":true,"_links":{"self":[{"href":"https:\/\/theteahousestore.com\/index.php\/wp-json\/wp\/v2\/product\/880","targetHints":{"allow":["GET"]}}],"collection":[{"href":"https:\/\/theteahousestore.com\/index.php\/wp-json\/wp\/v2\/product"}],"about":[{"href":"https:\/\/theteahousestore.com\/index.php\/wp-json\/wp\/v2\/types\/product"}],"replies":[{"embeddable":true,"href":"https:\/\/theteahousestore.com\/index.php\/wp-json\/wp\/v2\/comments?post=880"}],"wp:featuredmedia":[{"embeddable":true,"href":"https:\/\/theteahousestore.com\/index.php\/wp-json\/wp\/v2\/media\/835"}],"wp:attachment":[{"href":"https:\/\/theteahousestore.com\/index.php\/wp-json\/wp\/v2\/media?parent=880"}],"wp:term":[{"taxonomy":"product_brand","embeddable":true,"href":"https:\/\/theteahousestore.com\/index.php\/wp-json\/wp\/v2\/product_brand?post=880"},{"taxonomy":"product_cat","embeddable":true,"href":"https:\/\/theteahousestore.com\/index.php\/wp-json\/wp\/v2\/product_cat?post=880"},{"taxonomy":"product_tag","embeddable":true,"href":"https:\/\/theteahousestore.com\/index.php\/wp-json\/wp\/v2\/product_tag?post=880"}],"curies":[{"name":"wp","href":"https:\/\/api.w.org\/{rel}","templated":true}]}}