{"id":876,"date":"2023-07-29T16:13:50","date_gmt":"2023-07-29T14:13:50","guid":{"rendered":"https:\/\/theteahousestore.com\/?post_type=product&#038;p=876"},"modified":"2023-08-02T10:27:31","modified_gmt":"2023-08-02T08:27:31","slug":"taza-de-te-celadon-con-esmalte-verde","status":"publish","type":"product","link":"https:\/\/theteahousestore.com\/index.php\/product\/taza-de-te-celadon-con-esmalte-verde\/","title":{"rendered":"TAZA DE T\u00c9 CELAD\u00d3N CON ESMALTE VERDE \u7eff\u91c9\u5355\u676f"},"content":{"rendered":"<p>es una elegante taza de t\u00e9 confeccionada con la ic\u00f3nica t\u00e9cnica de esmaltado verde celad\u00f3n. Esta taza es una verdadera obra de arte, apreciada tanto por su belleza visual como por su funcionalidad en la experiencia del t\u00e9.<\/p>\n","protected":false},"excerpt":{"rendered":"<p>es una elegante taza de t\u00e9 confeccionada con la ic\u00f3nica t\u00e9cnica de esmaltado verde celad\u00f3n. Esta taza es una verdadera obra de arte, apreciada tanto por su belleza visual como por su funcionalidad en la experiencia del t\u00e9.<\/p>\n","protected":false},"featured_media":828,"comment_status":"open","ping_status":"closed","template":"","meta":[],"product_brand":[],"product_cat":[45,48],"product_tag":[53,54,49],"class_list":{"0":"post-876","1":"product","2":"type-product","3":"status-publish","4":"has-post-thumbnail","6":"product_cat-ceremonia-de-te","7":"product_cat-tazas-de-te-ceremonia-de-te","8":"product_tag-ceremonia-de-te","9":"product_tag-juego-de-te","10":"product_tag-taza-de-te","12":"first","13":"instock","14":"shipping-taxable","15":"purchasable","16":"product-type-simple"},"jetpack_sharing_enabled":true,"_links":{"self":[{"href":"https:\/\/theteahousestore.com\/index.php\/wp-json\/wp\/v2\/product\/876","targetHints":{"allow":["GET"]}}],"collection":[{"href":"https:\/\/theteahousestore.com\/index.php\/wp-json\/wp\/v2\/product"}],"about":[{"href":"https:\/\/theteahousestore.com\/index.php\/wp-json\/wp\/v2\/types\/product"}],"replies":[{"embeddable":true,"href":"https:\/\/theteahousestore.com\/index.php\/wp-json\/wp\/v2\/comments?post=876"}],"wp:featuredmedia":[{"embeddable":true,"href":"https:\/\/theteahousestore.com\/index.php\/wp-json\/wp\/v2\/media\/828"}],"wp:attachment":[{"href":"https:\/\/theteahousestore.com\/index.php\/wp-json\/wp\/v2\/media?parent=876"}],"wp:term":[{"taxonomy":"product_brand","embeddable":true,"href":"https:\/\/theteahousestore.com\/index.php\/wp-json\/wp\/v2\/product_brand?post=876"},{"taxonomy":"product_cat","embeddable":true,"href":"https:\/\/theteahousestore.com\/index.php\/wp-json\/wp\/v2\/product_cat?post=876"},{"taxonomy":"product_tag","embeddable":true,"href":"https:\/\/theteahousestore.com\/index.php\/wp-json\/wp\/v2\/product_tag?post=876"}],"curies":[{"name":"wp","href":"https:\/\/api.w.org\/{rel}","templated":true}]}}