{"id":811,"date":"2023-07-28T13:32:01","date_gmt":"2023-07-28T11:32:01","guid":{"rendered":"https:\/\/theteahousestore.com\/?post_type=product&#038;p=811"},"modified":"2023-07-28T13:32:01","modified_gmt":"2023-07-28T11:32:01","slug":"tetera-cristal","status":"publish","type":"product","link":"https:\/\/theteahousestore.com\/index.php\/product\/tetera-cristal\/","title":{"rendered":"TETERA CRISTAL \u6c34\u6676\u5e78\u798f\u7f8e\u6ee1\u58f6"},"content":{"rendered":"<p>una tetera de cristal ser\u00eda una opci\u00f3n hermosa y pr\u00e1ctica para los amantes del t\u00e9. Su transparencia permite apreciar el proceso de infusi\u00f3n y disfrutar visualmente del t\u00e9, mientras que su nombre \u00ab\u6c34\u6676\u5e78\u798f\u7f8e\u6ee1\u58f6\u00bb sugiere que est\u00e1 destinada a brindar una experiencia feliz y plena cada vez que se utilice. Ser\u00eda una pieza apreciada tanto por su funcionalidad como tetera como por su elegancia como objeto decorativo.<\/p>\n","protected":false},"excerpt":{"rendered":"<p>una tetera de cristal ser\u00eda una opci\u00f3n hermosa y pr\u00e1ctica para los amantes del t\u00e9. Su transparencia permite apreciar el proceso de infusi\u00f3n y disfrutar visualmente del t\u00e9, mientras que su nombre \u00ab\u6c34\u6676\u5e78\u798f\u7f8e\u6ee1\u58f6\u00bb sugiere que est\u00e1 destinada a brindar una experiencia feliz y plena cada vez que se utilice. Ser\u00eda una pieza apreciada tanto por su funcionalidad como tetera como por su elegancia como objeto decorativo.<\/p>\n","protected":false},"featured_media":786,"comment_status":"open","ping_status":"closed","template":"","meta":[],"product_brand":[],"product_cat":[45,47],"product_tag":[53,54,52],"class_list":{"0":"post-811","1":"product","2":"type-product","3":"status-publish","4":"has-post-thumbnail","6":"product_cat-ceremonia-de-te","7":"product_cat-tetera","8":"product_tag-ceremonia-de-te","9":"product_tag-juego-de-te","10":"product_tag-tetera","12":"first","13":"instock","14":"shipping-taxable","15":"purchasable","16":"product-type-simple"},"jetpack_sharing_enabled":true,"_links":{"self":[{"href":"https:\/\/theteahousestore.com\/index.php\/wp-json\/wp\/v2\/product\/811","targetHints":{"allow":["GET"]}}],"collection":[{"href":"https:\/\/theteahousestore.com\/index.php\/wp-json\/wp\/v2\/product"}],"about":[{"href":"https:\/\/theteahousestore.com\/index.php\/wp-json\/wp\/v2\/types\/product"}],"replies":[{"embeddable":true,"href":"https:\/\/theteahousestore.com\/index.php\/wp-json\/wp\/v2\/comments?post=811"}],"wp:featuredmedia":[{"embeddable":true,"href":"https:\/\/theteahousestore.com\/index.php\/wp-json\/wp\/v2\/media\/786"}],"wp:attachment":[{"href":"https:\/\/theteahousestore.com\/index.php\/wp-json\/wp\/v2\/media?parent=811"}],"wp:term":[{"taxonomy":"product_brand","embeddable":true,"href":"https:\/\/theteahousestore.com\/index.php\/wp-json\/wp\/v2\/product_brand?post=811"},{"taxonomy":"product_cat","embeddable":true,"href":"https:\/\/theteahousestore.com\/index.php\/wp-json\/wp\/v2\/product_cat?post=811"},{"taxonomy":"product_tag","embeddable":true,"href":"https:\/\/theteahousestore.com\/index.php\/wp-json\/wp\/v2\/product_tag?post=811"}],"curies":[{"name":"wp","href":"https:\/\/api.w.org\/{rel}","templated":true}]}}