{"id":758,"date":"2023-07-27T12:42:01","date_gmt":"2023-07-27T10:42:01","guid":{"rendered":"https:\/\/theteahousestore.com\/?post_type=product&#038;p=758"},"modified":"2023-08-02T17:50:56","modified_gmt":"2023-08-02T15:50:56","slug":"trompeta-ge-horno-tetera-10u","status":"publish","type":"product","link":"https:\/\/theteahousestore.com\/index.php\/product\/trompeta-ge-horno-tetera-10u\/","title":{"rendered":"TROMPETA GE HORNO TETERA 10U 10\u5934\u54e5\u7a91\u80d6\u58f6"},"content":{"rendered":"<p>consiste en una tetera y diez tazas de t\u00e9 con un dise\u00f1o especial llamado \u00ab10\u5934\u54e5\u7a91\u80d6\u58f6\u00bb. El t\u00e9rmino \u00abTROMPETA GE HORNO\u00bb podr\u00eda referirse a un tipo de cer\u00e1mica o esmalte utilizado en la fabricaci\u00f3n de estas piezas.<\/p>\n","protected":false},"excerpt":{"rendered":"<p>consiste en una tetera y diez tazas de t\u00e9 con un dise\u00f1o especial llamado \u00ab10\u5934\u54e5\u7a91\u80d6\u58f6\u00bb. El t\u00e9rmino \u00abTROMPETA GE HORNO\u00bb podr\u00eda referirse a un tipo de cer\u00e1mica o esmalte utilizado en la fabricaci\u00f3n de estas piezas.<\/p>\n","protected":false},"featured_media":759,"comment_status":"open","ping_status":"closed","template":"","meta":[],"product_brand":[],"product_cat":[42,45,48,47],"product_tag":[43,53,49,52],"class_list":{"0":"post-758","1":"product","2":"type-product","3":"status-publish","4":"has-post-thumbnail","6":"product_cat-caja-de-regalo","7":"product_cat-ceremonia-de-te","8":"product_cat-tazas-de-te-ceremonia-de-te","9":"product_cat-tetera","10":"product_tag-caja-de-regalo","11":"product_tag-ceremonia-de-te","12":"product_tag-taza-de-te","13":"product_tag-tetera","15":"first","16":"instock","17":"shipping-taxable","18":"purchasable","19":"product-type-simple"},"jetpack_sharing_enabled":true,"_links":{"self":[{"href":"https:\/\/theteahousestore.com\/index.php\/wp-json\/wp\/v2\/product\/758","targetHints":{"allow":["GET"]}}],"collection":[{"href":"https:\/\/theteahousestore.com\/index.php\/wp-json\/wp\/v2\/product"}],"about":[{"href":"https:\/\/theteahousestore.com\/index.php\/wp-json\/wp\/v2\/types\/product"}],"replies":[{"embeddable":true,"href":"https:\/\/theteahousestore.com\/index.php\/wp-json\/wp\/v2\/comments?post=758"}],"wp:featuredmedia":[{"embeddable":true,"href":"https:\/\/theteahousestore.com\/index.php\/wp-json\/wp\/v2\/media\/759"}],"wp:attachment":[{"href":"https:\/\/theteahousestore.com\/index.php\/wp-json\/wp\/v2\/media?parent=758"}],"wp:term":[{"taxonomy":"product_brand","embeddable":true,"href":"https:\/\/theteahousestore.com\/index.php\/wp-json\/wp\/v2\/product_brand?post=758"},{"taxonomy":"product_cat","embeddable":true,"href":"https:\/\/theteahousestore.com\/index.php\/wp-json\/wp\/v2\/product_cat?post=758"},{"taxonomy":"product_tag","embeddable":true,"href":"https:\/\/theteahousestore.com\/index.php\/wp-json\/wp\/v2\/product_tag?post=758"}],"curies":[{"name":"wp","href":"https:\/\/api.w.org\/{rel}","templated":true}]}}