{"id":710,"date":"2023-07-26T16:51:59","date_gmt":"2023-07-26T14:51:59","guid":{"rendered":"https:\/\/theteahousestore.com\/?post_type=product&#038;p=710"},"modified":"2025-12-12T11:35:43","modified_gmt":"2025-12-12T10:35:43","slug":"diez-te-famosa-china","status":"publish","type":"product","link":"https:\/\/theteahousestore.com\/index.php\/product\/diez-te-famosa-china\/","title":{"rendered":"DIEZ TE FAMOSA CHINA \u5341\u5927\u540d\u8336\u7ec4\u5408"},"content":{"rendered":"<p>una selecci\u00f3n de las diez t\u00e9 m\u00e1s reconocidas y prestigiosas en la cultura china del t\u00e9.<\/p>\n","protected":false},"excerpt":{"rendered":"<p>una selecci\u00f3n de las diez t\u00e9 m\u00e1s reconocidas y prestigiosas en la cultura china del t\u00e9.<\/p>\n","protected":false},"featured_media":711,"comment_status":"open","ping_status":"closed","template":"","meta":[],"product_brand":[],"product_cat":[42,34],"product_tag":[43,23],"class_list":{"0":"post-710","1":"product","2":"type-product","3":"status-publish","4":"has-post-thumbnail","6":"product_cat-caja-de-regalo","7":"product_cat-te","8":"product_tag-caja-de-regalo","9":"product_tag-te","11":"first","12":"instock","13":"shipping-taxable","14":"purchasable","15":"product-type-simple"},"jetpack_sharing_enabled":true,"_links":{"self":[{"href":"https:\/\/theteahousestore.com\/index.php\/wp-json\/wp\/v2\/product\/710","targetHints":{"allow":["GET"]}}],"collection":[{"href":"https:\/\/theteahousestore.com\/index.php\/wp-json\/wp\/v2\/product"}],"about":[{"href":"https:\/\/theteahousestore.com\/index.php\/wp-json\/wp\/v2\/types\/product"}],"replies":[{"embeddable":true,"href":"https:\/\/theteahousestore.com\/index.php\/wp-json\/wp\/v2\/comments?post=710"}],"wp:featuredmedia":[{"embeddable":true,"href":"https:\/\/theteahousestore.com\/index.php\/wp-json\/wp\/v2\/media\/711"}],"wp:attachment":[{"href":"https:\/\/theteahousestore.com\/index.php\/wp-json\/wp\/v2\/media?parent=710"}],"wp:term":[{"taxonomy":"product_brand","embeddable":true,"href":"https:\/\/theteahousestore.com\/index.php\/wp-json\/wp\/v2\/product_brand?post=710"},{"taxonomy":"product_cat","embeddable":true,"href":"https:\/\/theteahousestore.com\/index.php\/wp-json\/wp\/v2\/product_cat?post=710"},{"taxonomy":"product_tag","embeddable":true,"href":"https:\/\/theteahousestore.com\/index.php\/wp-json\/wp\/v2\/product_tag?post=710"}],"curies":[{"name":"wp","href":"https:\/\/api.w.org\/{rel}","templated":true}]}}