{"id":697,"date":"2023-07-26T11:14:41","date_gmt":"2023-07-26T09:14:41","guid":{"rendered":"https:\/\/theteahousestore.com\/?post_type=product&#038;p=697"},"modified":"2023-08-02T10:41:42","modified_gmt":"2023-08-02T08:41:42","slug":"flower-tea-serie","status":"publish","type":"product","link":"https:\/\/theteahousestore.com\/index.php\/product\/flower-tea-serie\/","title":{"rendered":"FLOWER TEA SERIE- C\u00c1SCARA DE NARANJA \u82b1\u679c\u8336\u7cfb\u5217- \u6a58\u76ae"},"content":{"rendered":"<p>El t\u00e9 de c\u00e1scara de naranja es una infusi\u00f3n c\u00edtrica y dulce sin cafe\u00edna. Contiene vitamina C y antioxidantes, con posibles beneficios para la salud. Es vers\u00e1til y se puede usar en la cocina. Disfr\u00fatalo con moderaci\u00f3n y verifica alergias antes de consumirlo.<\/p>\n","protected":false},"excerpt":{"rendered":"<p>El t\u00e9 de c\u00e1scara de naranja es una infusi\u00f3n c\u00edtrica y dulce sin cafe\u00edna. Contiene vitamina C y antioxidantes, con posibles beneficios para la salud. Es vers\u00e1til y se puede usar en la cocina. Disfr\u00fatalo con moderaci\u00f3n y verifica alergias antes de consumirlo.<\/p>\n","protected":false},"featured_media":859,"comment_status":"open","ping_status":"closed","template":"","meta":[],"product_brand":[],"product_cat":[34,41,40],"product_tag":[23,30],"class_list":{"0":"post-697","1":"product","2":"type-product","3":"status-publish","4":"has-post-thumbnail","6":"product_cat-te","7":"product_cat-te-de-infusion","8":"product_cat-te-perfumado","9":"product_tag-te","10":"product_tag-te-perfumado","12":"first","13":"instock","14":"shipping-taxable","15":"purchasable","16":"product-type-simple"},"jetpack_sharing_enabled":true,"_links":{"self":[{"href":"https:\/\/theteahousestore.com\/index.php\/wp-json\/wp\/v2\/product\/697","targetHints":{"allow":["GET"]}}],"collection":[{"href":"https:\/\/theteahousestore.com\/index.php\/wp-json\/wp\/v2\/product"}],"about":[{"href":"https:\/\/theteahousestore.com\/index.php\/wp-json\/wp\/v2\/types\/product"}],"replies":[{"embeddable":true,"href":"https:\/\/theteahousestore.com\/index.php\/wp-json\/wp\/v2\/comments?post=697"}],"wp:featuredmedia":[{"embeddable":true,"href":"https:\/\/theteahousestore.com\/index.php\/wp-json\/wp\/v2\/media\/859"}],"wp:attachment":[{"href":"https:\/\/theteahousestore.com\/index.php\/wp-json\/wp\/v2\/media?parent=697"}],"wp:term":[{"taxonomy":"product_brand","embeddable":true,"href":"https:\/\/theteahousestore.com\/index.php\/wp-json\/wp\/v2\/product_brand?post=697"},{"taxonomy":"product_cat","embeddable":true,"href":"https:\/\/theteahousestore.com\/index.php\/wp-json\/wp\/v2\/product_cat?post=697"},{"taxonomy":"product_tag","embeddable":true,"href":"https:\/\/theteahousestore.com\/index.php\/wp-json\/wp\/v2\/product_tag?post=697"}],"curies":[{"name":"wp","href":"https:\/\/api.w.org\/{rel}","templated":true}]}}