{"id":695,"date":"2023-07-26T11:07:37","date_gmt":"2023-07-26T09:07:37","guid":{"rendered":"https:\/\/theteahousestore.com\/?post_type=product&#038;p=695"},"modified":"2023-08-02T10:41:23","modified_gmt":"2023-08-02T08:41:23","slug":"flower-tea-serie-jazmin","status":"publish","type":"product","link":"https:\/\/theteahousestore.com\/index.php\/product\/flower-tea-serie-jazmin\/","title":{"rendered":"FLOWER TEA SERIE- JAZMIN \u82b1\u679c\u8336\u7cfb\u5217- \u8309\u8389\u82b1"},"content":{"rendered":"<p>T\u00e9 de jazm\u00edn: Infusi\u00f3n floral con t\u00e9 verde o blanco, sabor suave y dulce, aroma perfumado. Posibles beneficios antioxidantes. Popular en culturas asi\u00e1ticas. Disfr\u00fatalo en ocasiones especiales.<\/p>\n","protected":false},"excerpt":{"rendered":"<p>T\u00e9 de jazm\u00edn: Infusi\u00f3n floral con t\u00e9 verde o blanco, sabor suave y dulce, aroma perfumado. Posibles beneficios antioxidantes. Popular en culturas asi\u00e1ticas. Disfr\u00fatalo en ocasiones especiales.<\/p>\n","protected":false},"featured_media":857,"comment_status":"open","ping_status":"closed","template":"","meta":[],"product_brand":[],"product_cat":[34,41,40],"product_tag":[23,30],"class_list":{"0":"post-695","1":"product","2":"type-product","3":"status-publish","4":"has-post-thumbnail","6":"product_cat-te","7":"product_cat-te-de-infusion","8":"product_cat-te-perfumado","9":"product_tag-te","10":"product_tag-te-perfumado","12":"first","13":"instock","14":"shipping-taxable","15":"purchasable","16":"product-type-simple"},"jetpack_sharing_enabled":true,"_links":{"self":[{"href":"https:\/\/theteahousestore.com\/index.php\/wp-json\/wp\/v2\/product\/695","targetHints":{"allow":["GET"]}}],"collection":[{"href":"https:\/\/theteahousestore.com\/index.php\/wp-json\/wp\/v2\/product"}],"about":[{"href":"https:\/\/theteahousestore.com\/index.php\/wp-json\/wp\/v2\/types\/product"}],"replies":[{"embeddable":true,"href":"https:\/\/theteahousestore.com\/index.php\/wp-json\/wp\/v2\/comments?post=695"}],"wp:featuredmedia":[{"embeddable":true,"href":"https:\/\/theteahousestore.com\/index.php\/wp-json\/wp\/v2\/media\/857"}],"wp:attachment":[{"href":"https:\/\/theteahousestore.com\/index.php\/wp-json\/wp\/v2\/media?parent=695"}],"wp:term":[{"taxonomy":"product_brand","embeddable":true,"href":"https:\/\/theteahousestore.com\/index.php\/wp-json\/wp\/v2\/product_brand?post=695"},{"taxonomy":"product_cat","embeddable":true,"href":"https:\/\/theteahousestore.com\/index.php\/wp-json\/wp\/v2\/product_cat?post=695"},{"taxonomy":"product_tag","embeddable":true,"href":"https:\/\/theteahousestore.com\/index.php\/wp-json\/wp\/v2\/product_tag?post=695"}],"curies":[{"name":"wp","href":"https:\/\/api.w.org\/{rel}","templated":true}]}}