{"id":651,"date":"2023-07-25T13:24:29","date_gmt":"2023-07-25T11:24:29","guid":{"rendered":"https:\/\/theteahousestore.com\/?post_type=product&#038;p=651"},"modified":"2023-07-25T13:24:29","modified_gmt":"2023-07-25T11:24:29","slug":"te-de-jazmin-100g","status":"publish","type":"product","link":"https:\/\/theteahousestore.com\/index.php\/product\/te-de-jazmin-100g\/","title":{"rendered":"T\u00c9 DE JAZMIN 100G \u8309\u8389\u82b1\u8336100G"},"content":{"rendered":"<p>Flores secas de jazm\u00edn, ingrediente esencial para t\u00e9 de jazm\u00edn. Se mezcla con t\u00e9 verde u oolong para crear infusi\u00f3n con aroma floral. Tradicional de China, apreciado en todo el mundo.<\/p>\n","protected":false},"excerpt":{"rendered":"<p>Flores secas de jazm\u00edn, ingrediente esencial para t\u00e9 de jazm\u00edn. Se mezcla con t\u00e9 verde u oolong para crear infusi\u00f3n con aroma floral. Tradicional de China, apreciado en todo el mundo.<\/p>\n","protected":false},"featured_media":652,"comment_status":"open","ping_status":"closed","template":"","meta":[],"product_brand":[],"product_cat":[34,40],"product_tag":[23,30],"class_list":{"0":"post-651","1":"product","2":"type-product","3":"status-publish","4":"has-post-thumbnail","6":"product_cat-te","7":"product_cat-te-perfumado","8":"product_tag-te","9":"product_tag-te-perfumado","11":"first","12":"instock","13":"shipping-taxable","14":"purchasable","15":"product-type-simple"},"jetpack_sharing_enabled":true,"_links":{"self":[{"href":"https:\/\/theteahousestore.com\/index.php\/wp-json\/wp\/v2\/product\/651","targetHints":{"allow":["GET"]}}],"collection":[{"href":"https:\/\/theteahousestore.com\/index.php\/wp-json\/wp\/v2\/product"}],"about":[{"href":"https:\/\/theteahousestore.com\/index.php\/wp-json\/wp\/v2\/types\/product"}],"replies":[{"embeddable":true,"href":"https:\/\/theteahousestore.com\/index.php\/wp-json\/wp\/v2\/comments?post=651"}],"wp:featuredmedia":[{"embeddable":true,"href":"https:\/\/theteahousestore.com\/index.php\/wp-json\/wp\/v2\/media\/652"}],"wp:attachment":[{"href":"https:\/\/theteahousestore.com\/index.php\/wp-json\/wp\/v2\/media?parent=651"}],"wp:term":[{"taxonomy":"product_brand","embeddable":true,"href":"https:\/\/theteahousestore.com\/index.php\/wp-json\/wp\/v2\/product_brand?post=651"},{"taxonomy":"product_cat","embeddable":true,"href":"https:\/\/theteahousestore.com\/index.php\/wp-json\/wp\/v2\/product_cat?post=651"},{"taxonomy":"product_tag","embeddable":true,"href":"https:\/\/theteahousestore.com\/index.php\/wp-json\/wp\/v2\/product_tag?post=651"}],"curies":[{"name":"wp","href":"https:\/\/api.w.org\/{rel}","templated":true}]}}