{"id":1481,"date":"2023-08-07T17:29:32","date_gmt":"2023-08-07T15:29:32","guid":{"rendered":"https:\/\/theteahousestore.com\/?post_type=product&#038;p=1481"},"modified":"2023-08-07T17:37:07","modified_gmt":"2023-08-07T15:37:07","slug":"pantalla-de-madera-maciza-de-ciruela-orquidea-bambu-crisantemo","status":"publish","type":"product","link":"https:\/\/theteahousestore.com\/index.php\/product\/pantalla-de-madera-maciza-de-ciruela-orquidea-bambu-crisantemo\/","title":{"rendered":"PANTALLA DE MADERA MACIZA DE CIRUELA ORQU\u00cdDEA BAMB\u00da CRISANTEMO\u6885\u5170\u7af9\u83ca\u5b9e\u6728\u5c4f\u98ce"},"content":{"rendered":"<p>una pantalla de madera s\u00f3lida con motivos de ciruelo, orqu\u00eddea, bamb\u00fa y crisantemo. Esta pantalla es una pieza decorativa hecha de madera que presenta grabados o pinturas de estas diferentes flores y plantas.<\/p>\n","protected":false},"excerpt":{"rendered":"<p>una pantalla de madera s\u00f3lida con motivos de ciruelo, orqu\u00eddea, bamb\u00fa y crisantemo. Esta pantalla es una pieza decorativa hecha de madera que presenta grabados o pinturas de estas diferentes flores y plantas.<\/p>\n","protected":false},"featured_media":1482,"comment_status":"open","ping_status":"closed","template":"","meta":[],"product_brand":[],"product_cat":[56],"product_tag":[57],"class_list":{"0":"post-1481","1":"product","2":"type-product","3":"status-publish","4":"has-post-thumbnail","6":"product_cat-adornos","7":"product_tag-adornos","9":"first","10":"instock","11":"shipping-taxable","12":"purchasable","13":"product-type-simple"},"jetpack_sharing_enabled":true,"_links":{"self":[{"href":"https:\/\/theteahousestore.com\/index.php\/wp-json\/wp\/v2\/product\/1481","targetHints":{"allow":["GET"]}}],"collection":[{"href":"https:\/\/theteahousestore.com\/index.php\/wp-json\/wp\/v2\/product"}],"about":[{"href":"https:\/\/theteahousestore.com\/index.php\/wp-json\/wp\/v2\/types\/product"}],"replies":[{"embeddable":true,"href":"https:\/\/theteahousestore.com\/index.php\/wp-json\/wp\/v2\/comments?post=1481"}],"wp:featuredmedia":[{"embeddable":true,"href":"https:\/\/theteahousestore.com\/index.php\/wp-json\/wp\/v2\/media\/1482"}],"wp:attachment":[{"href":"https:\/\/theteahousestore.com\/index.php\/wp-json\/wp\/v2\/media?parent=1481"}],"wp:term":[{"taxonomy":"product_brand","embeddable":true,"href":"https:\/\/theteahousestore.com\/index.php\/wp-json\/wp\/v2\/product_brand?post=1481"},{"taxonomy":"product_cat","embeddable":true,"href":"https:\/\/theteahousestore.com\/index.php\/wp-json\/wp\/v2\/product_cat?post=1481"},{"taxonomy":"product_tag","embeddable":true,"href":"https:\/\/theteahousestore.com\/index.php\/wp-json\/wp\/v2\/product_tag?post=1481"}],"curies":[{"name":"wp","href":"https:\/\/api.w.org\/{rel}","templated":true}]}}