{"id":1472,"date":"2023-08-07T12:48:20","date_gmt":"2023-08-07T10:48:20","guid":{"rendered":"https:\/\/theteahousestore.com\/?post_type=product&#038;p=1472"},"modified":"2023-08-07T12:49:33","modified_gmt":"2023-08-07T10:49:33","slug":"dispensador-automatico-de-fructosa","status":"publish","type":"product","link":"https:\/\/theteahousestore.com\/index.php\/product\/dispensador-automatico-de-fructosa\/","title":{"rendered":"DISPENSADOR AUTOM\u00c1TICO DE FRUCTOSA \u679c\u7cd6\u673a"},"content":{"rendered":"<p>un dispositivo autom\u00e1tico dise\u00f1ado para dispensar fructosa, que es un tipo de az\u00facar simple, en cantidades espec\u00edficas. La fructosa es un edulcorante natural que se encuentra en muchas frutas y tambi\u00e9n se utiliza en la industria alimentaria como edulcorante.<\/p>\n","protected":false},"excerpt":{"rendered":"<p>un dispositivo autom\u00e1tico dise\u00f1ado para dispensar fructosa, que es un tipo de az\u00facar simple, en cantidades espec\u00edficas. La fructosa es un edulcorante natural que se encuentra en muchas frutas y tambi\u00e9n se utiliza en la industria alimentaria como edulcorante.<\/p>\n","protected":false},"featured_media":1473,"comment_status":"open","ping_status":"closed","template":"","meta":[],"product_brand":[],"product_cat":[58,60],"product_tag":[61],"class_list":{"0":"post-1472","1":"product","2":"type-product","3":"status-publish","4":"has-post-thumbnail","6":"product_cat-bubble-tea","7":"product_cat-utensilios-para-bubble-tea","8":"product_tag-bubble-tea","10":"first","11":"instock","12":"shipping-taxable","13":"purchasable","14":"product-type-simple"},"jetpack_sharing_enabled":true,"_links":{"self":[{"href":"https:\/\/theteahousestore.com\/index.php\/wp-json\/wp\/v2\/product\/1472","targetHints":{"allow":["GET"]}}],"collection":[{"href":"https:\/\/theteahousestore.com\/index.php\/wp-json\/wp\/v2\/product"}],"about":[{"href":"https:\/\/theteahousestore.com\/index.php\/wp-json\/wp\/v2\/types\/product"}],"replies":[{"embeddable":true,"href":"https:\/\/theteahousestore.com\/index.php\/wp-json\/wp\/v2\/comments?post=1472"}],"wp:featuredmedia":[{"embeddable":true,"href":"https:\/\/theteahousestore.com\/index.php\/wp-json\/wp\/v2\/media\/1473"}],"wp:attachment":[{"href":"https:\/\/theteahousestore.com\/index.php\/wp-json\/wp\/v2\/media?parent=1472"}],"wp:term":[{"taxonomy":"product_brand","embeddable":true,"href":"https:\/\/theteahousestore.com\/index.php\/wp-json\/wp\/v2\/product_brand?post=1472"},{"taxonomy":"product_cat","embeddable":true,"href":"https:\/\/theteahousestore.com\/index.php\/wp-json\/wp\/v2\/product_cat?post=1472"},{"taxonomy":"product_tag","embeddable":true,"href":"https:\/\/theteahousestore.com\/index.php\/wp-json\/wp\/v2\/product_tag?post=1472"}],"curies":[{"name":"wp","href":"https:\/\/api.w.org\/{rel}","templated":true}]}}