{"id":1190,"date":"2023-08-07T10:58:25","date_gmt":"2023-08-07T08:58:25","guid":{"rendered":"https:\/\/theteahousestore.com\/?post_type=product&#038;p=1190"},"modified":"2023-08-08T10:48:03","modified_gmt":"2023-08-08T08:48:03","slug":"snow-g-cup-500ml","status":"publish","type":"product","link":"https:\/\/theteahousestore.com\/index.php\/product\/snow-g-cup-500ml\/","title":{"rendered":"SNOW G CUP\u96ea\u514b\u676f 500ML"},"content":{"rendered":"<p>es un utensilio utilizado para mezclar ingredientes de c\u00f3cteles, como licores, zumos, jarabes y otros sabores, creando as\u00ed una mezcla homog\u00e9nea y bien combinada antes de servirla en un vaso. Las cocteleras generalmente constan de dos partes principales: una coctelera met\u00e1lica con tapa y un vaso mezclador.<\/p>\n","protected":false},"excerpt":{"rendered":"<p>es un utensilio utilizado para mezclar ingredientes de c\u00f3cteles, como licores, zumos, jarabes y otros sabores, creando as\u00ed una mezcla homog\u00e9nea y bien combinada antes de servirla en un vaso. Las cocteleras generalmente constan de dos partes principales: una coctelera met\u00e1lica con tapa y un vaso mezclador.<\/p>\n","protected":false},"featured_media":1191,"comment_status":"open","ping_status":"closed","template":"","meta":[],"product_brand":[],"product_cat":[58,60],"product_tag":[61],"class_list":{"0":"post-1190","1":"product","2":"type-product","3":"status-publish","4":"has-post-thumbnail","6":"product_cat-bubble-tea","7":"product_cat-utensilios-para-bubble-tea","8":"product_tag-bubble-tea","10":"first","11":"instock","12":"shipping-taxable","13":"purchasable","14":"product-type-simple"},"jetpack_sharing_enabled":true,"_links":{"self":[{"href":"https:\/\/theteahousestore.com\/index.php\/wp-json\/wp\/v2\/product\/1190","targetHints":{"allow":["GET"]}}],"collection":[{"href":"https:\/\/theteahousestore.com\/index.php\/wp-json\/wp\/v2\/product"}],"about":[{"href":"https:\/\/theteahousestore.com\/index.php\/wp-json\/wp\/v2\/types\/product"}],"replies":[{"embeddable":true,"href":"https:\/\/theteahousestore.com\/index.php\/wp-json\/wp\/v2\/comments?post=1190"}],"wp:featuredmedia":[{"embeddable":true,"href":"https:\/\/theteahousestore.com\/index.php\/wp-json\/wp\/v2\/media\/1191"}],"wp:attachment":[{"href":"https:\/\/theteahousestore.com\/index.php\/wp-json\/wp\/v2\/media?parent=1190"}],"wp:term":[{"taxonomy":"product_brand","embeddable":true,"href":"https:\/\/theteahousestore.com\/index.php\/wp-json\/wp\/v2\/product_brand?post=1190"},{"taxonomy":"product_cat","embeddable":true,"href":"https:\/\/theteahousestore.com\/index.php\/wp-json\/wp\/v2\/product_cat?post=1190"},{"taxonomy":"product_tag","embeddable":true,"href":"https:\/\/theteahousestore.com\/index.php\/wp-json\/wp\/v2\/product_tag?post=1190"}],"curies":[{"name":"wp","href":"https:\/\/api.w.org\/{rel}","templated":true}]}}