{"id":1170,"date":"2023-08-05T20:46:08","date_gmt":"2023-08-05T18:46:08","guid":{"rendered":"https:\/\/theteahousestore.com\/?post_type=product&#038;p=1170"},"modified":"2024-08-04T21:54:32","modified_gmt":"2024-08-04T19:54:32","slug":"aloevera","status":"publish","type":"product","link":"https:\/\/theteahousestore.com\/index.php\/product\/aloevera\/","title":{"rendered":"ALOEVERA \u871c\u7cd6\u82a6\u835f"},"content":{"rendered":"<p>ALOEVERA \u871c\u7cd6\u82a6\u835f es una opci\u00f3n deliciosa para aquellos que buscan disfrutar de los beneficios hidratantes y nutritivos del aloe vera en combinaci\u00f3n con el toque dulce de la miel. Experimenta con creatividad y a\u00f1ade este ingrediente \u00fanico a tus comidas y bebidas para una experiencia culinaria rejuvenecedora.<\/p>\n","protected":false},"excerpt":{"rendered":"<p>ALOEVERA \u871c\u7cd6\u82a6\u835f es una opci\u00f3n deliciosa para aquellos que buscan disfrutar de los beneficios hidratantes y nutritivos del aloe vera en combinaci\u00f3n con el toque dulce de la miel. Experimenta con creatividad y a\u00f1ade este ingrediente \u00fanico a tus comidas y bebidas para una experiencia culinaria rejuvenecedora.<\/p>\n","protected":false},"featured_media":1174,"comment_status":"open","ping_status":"closed","template":"","meta":[],"product_brand":[],"product_cat":[58,59],"product_tag":[61],"class_list":{"0":"post-1170","1":"product","2":"type-product","3":"status-publish","4":"has-post-thumbnail","6":"product_cat-bubble-tea","7":"product_cat-materias-prima","8":"product_tag-bubble-tea","10":"first","11":"instock","12":"shipping-taxable","13":"purchasable","14":"product-type-simple"},"jetpack_sharing_enabled":true,"_links":{"self":[{"href":"https:\/\/theteahousestore.com\/index.php\/wp-json\/wp\/v2\/product\/1170","targetHints":{"allow":["GET"]}}],"collection":[{"href":"https:\/\/theteahousestore.com\/index.php\/wp-json\/wp\/v2\/product"}],"about":[{"href":"https:\/\/theteahousestore.com\/index.php\/wp-json\/wp\/v2\/types\/product"}],"replies":[{"embeddable":true,"href":"https:\/\/theteahousestore.com\/index.php\/wp-json\/wp\/v2\/comments?post=1170"}],"wp:featuredmedia":[{"embeddable":true,"href":"https:\/\/theteahousestore.com\/index.php\/wp-json\/wp\/v2\/media\/1174"}],"wp:attachment":[{"href":"https:\/\/theteahousestore.com\/index.php\/wp-json\/wp\/v2\/media?parent=1170"}],"wp:term":[{"taxonomy":"product_brand","embeddable":true,"href":"https:\/\/theteahousestore.com\/index.php\/wp-json\/wp\/v2\/product_brand?post=1170"},{"taxonomy":"product_cat","embeddable":true,"href":"https:\/\/theteahousestore.com\/index.php\/wp-json\/wp\/v2\/product_cat?post=1170"},{"taxonomy":"product_tag","embeddable":true,"href":"https:\/\/theteahousestore.com\/index.php\/wp-json\/wp\/v2\/product_tag?post=1170"}],"curies":[{"name":"wp","href":"https:\/\/api.w.org\/{rel}","templated":true}]}}