{"id":1162,"date":"2023-08-05T20:45:55","date_gmt":"2023-08-05T18:45:55","guid":{"rendered":"https:\/\/theteahousestore.com\/?post_type=product&#038;p=1162"},"modified":"2025-05-17T18:21:43","modified_gmt":"2025-05-17T16:21:43","slug":"pajitas-bubble-tea-23cm-100u","status":"publish","type":"product","link":"https:\/\/theteahousestore.com\/index.php\/product\/pajitas-bubble-tea-23cm-100u\/","title":{"rendered":"PAJITAS BUBBLE TEA 23CM 100U\u73cd\u73e0\u5438\u7ba1"},"content":{"rendered":"<p>son esenciales para los amantes del t\u00e9 de burbujas que desean disfrutar de cada elemento de su bebida. Con una amplia variedad de estilos y materiales, estas pajitas est\u00e1n dise\u00f1adas para satisfacer tus necesidades y preferencias mientras a\u00f1ades un toque de diversi\u00f3n a tu experiencia de bebida.<\/p>\n","protected":false},"excerpt":{"rendered":"<p>son esenciales para los amantes del t\u00e9 de burbujas que desean disfrutar de cada elemento de su bebida. Con una amplia variedad de estilos y materiales, estas pajitas est\u00e1n dise\u00f1adas para satisfacer tus necesidades y preferencias mientras a\u00f1ades un toque de diversi\u00f3n a tu experiencia de bebida.<\/p>\n","protected":false},"featured_media":1164,"comment_status":"open","ping_status":"closed","template":"","meta":[],"product_brand":[],"product_cat":[58,60],"product_tag":[61],"class_list":{"0":"post-1162","1":"product","2":"type-product","3":"status-publish","4":"has-post-thumbnail","6":"product_cat-bubble-tea","7":"product_cat-utensilios-para-bubble-tea","8":"product_tag-bubble-tea","10":"first","11":"instock","12":"shipping-taxable","13":"purchasable","14":"product-type-simple"},"jetpack_sharing_enabled":true,"_links":{"self":[{"href":"https:\/\/theteahousestore.com\/index.php\/wp-json\/wp\/v2\/product\/1162","targetHints":{"allow":["GET"]}}],"collection":[{"href":"https:\/\/theteahousestore.com\/index.php\/wp-json\/wp\/v2\/product"}],"about":[{"href":"https:\/\/theteahousestore.com\/index.php\/wp-json\/wp\/v2\/types\/product"}],"replies":[{"embeddable":true,"href":"https:\/\/theteahousestore.com\/index.php\/wp-json\/wp\/v2\/comments?post=1162"}],"wp:featuredmedia":[{"embeddable":true,"href":"https:\/\/theteahousestore.com\/index.php\/wp-json\/wp\/v2\/media\/1164"}],"wp:attachment":[{"href":"https:\/\/theteahousestore.com\/index.php\/wp-json\/wp\/v2\/media?parent=1162"}],"wp:term":[{"taxonomy":"product_brand","embeddable":true,"href":"https:\/\/theteahousestore.com\/index.php\/wp-json\/wp\/v2\/product_brand?post=1162"},{"taxonomy":"product_cat","embeddable":true,"href":"https:\/\/theteahousestore.com\/index.php\/wp-json\/wp\/v2\/product_cat?post=1162"},{"taxonomy":"product_tag","embeddable":true,"href":"https:\/\/theteahousestore.com\/index.php\/wp-json\/wp\/v2\/product_tag?post=1162"}],"curies":[{"name":"wp","href":"https:\/\/api.w.org\/{rel}","templated":true}]}}